he prime factors of 1066708?
2, 266677
What are the prime factors of 4648294?
2, 7, 29, 107
What are the prime factors of 205551?
3, 23, 331
What are the prime factors of 542821?
542821
List the prime factors of 69420.
2, 3, 5, 13, 89
What are the prime factors of 413321?
17, 41, 593
What are the prime factors of 3126116?
2, 7, 97, 1151
List the prime factors of 225592.
2, 163, 173
What are the prime factors of 16871436?
2, 3, 156217
List the prime factors of 5682246.
2, 3, 199, 4759
List the prime factors of 237940.
2, 5, 11897
List the prime factors of 6140160.
2, 3, 5, 13, 41
What are the prime factors of 3539930?
2, 5, 23, 15391
List the prime factors of 954588.
2, 3, 79549
What are the prime factors of 11393854?
2, 37, 79, 1949
List the prime factors of 578192.
2, 36137
List the prime factors of 10142203.
10142203
What are the prime factors of 9883014?
2, 3, 263, 6263
List the prime factors of 15999891.
3, 463, 11519
What are the prime factors of 250035?
3, 5, 79, 211
List the prime factors of 24918.
2, 3, 4153
List the prime factors of 3752143.
157, 23899
What are the prime factors of 494205?
3, 5, 47, 701
List the prime factors of 441887.
441887
List the prime factors of 257603.
41, 61, 103
List the prime factors of 21512970.
2, 3, 5, 151, 1583
List the prime factors of 2141209.
7, 499, 613
List the prime factors of 1759274.
2, 11, 79967
List the prime factors of 3970485.
3, 5, 29411
What are the prime factors of 9113?
13, 701
List the prime factors of 2153478.
2, 3, 379, 947
List the prime factors of 1671160.
2, 5, 41, 1019
List the prime factors of 93991.
193, 487
List the prime factors of 54622.
2, 31, 881
What are the prime factors of 214392?
2, 3, 8933
What are the prime factors of 2756128?
2, 43, 2003
List the prime factors of 4119196.
2, 257, 4007
List the prime factors of 124145.
5, 7, 3547
List the prime factors of 14217362.
2, 7108681
What are the prime factors of 510179?
510179
List the prime factors of 1472064.
2, 3, 11, 17, 41
What are the prime factors of 327771?
3, 79, 461
What are the prime factors of 16847229?
3, 7, 31, 3697
What are the prime factors of 10594892?
2, 7, 11, 41, 839
What are the prime factors of 18323577?
3, 226217
List the prime factors of 3566458.
2, 7, 254747
List the prime factors of 2735.
5, 547
List the prime factors of 65033.
65033
What are the prime factors of 1726659?
3, 11, 107, 163
List the prime factors of 13029012.
2, 3, 40213
List the prime factors of 600527.
41, 97, 151
What are the prime factors of 8825310?
2, 3, 5, 13, 19, 397
What are the prime factors of 2390970?
2, 3, 5, 79699
List the prime factors of 196070.
2, 5, 7, 2801
List the prime factors of 290849.
13, 1721
List the prime factors of 671.
11, 61
List the prime factors of 2827925.
5, 113117
List the prime factors of 664325.
5, 26573
List the prime factors of 391155.
3, 5, 89, 293
What are the prime factors of 562079?
7, 11471
What are the prime factors of 2797240?
2, 5, 69931
What are the prime factors of 11248221?
3, 3749407
What are the prime factors of 165781?
7, 11, 2153
What are the prime factors of 3014777?
3014777
List the prime factors of 13529535.
3, 5, 17, 3121
What are the prime factors of 902246?
2, 41, 11003
List the prime factors of 94902.
2, 3, 15817
List the prime factors of 1096397.
59, 18583
What are the prime factors of 10049965?
5, 23, 281, 311
What are the prime factors of 3257800?
2, 5, 7, 13, 179
What are the prime factors of 128217?
3, 79, 541
What are the prime factors of 358037?
17, 21061
What are the prime factors of 231368?
2, 28921
What are the prime factors of 1271910?
2, 3, 5, 42397
What are the prime factors of 588876?
2, 3, 31, 1583
What are the prime factors of 292265?
5, 58453
What are the prime factors of 2464736?
2, 77023
List the prime factors of 5423902.
2, 11, 101, 2441
List the prime factors of 1812134.
2, 277, 3271
What are the prime factors of 3401354?
2, 11, 349, 443
What are the prime factors of 5010154?
2, 2505077
What are the prime factors of 27388?
2, 41, 167
What are the prime factors of 3470205?
3, 5, 231347
What are the prime factors of 26079?
3, 8693
List the prime factors of 108575.
5, 43, 101
List the prime factors of 86520.
2, 3, 5, 7, 103
List the prime factors of 62457.
3, 109, 191
What are the prime factors of 13474822?
2, 6737411
What are the prime factors of 9924844?
2, 29, 67, 1277
What are the prime factors of 178633?
7, 13, 151
List the prime factors of 193456.
2, 107, 113
What are the prime factors of 123083?
123083
What are the prime factors of 9136823?
9136823
What are the prime factors of 4886051?
23, 212437
What are the prime factors of 3472960?
2, 5, 10853
What are the prime factors of 7157658?
2, 3, 107, 11149
List the prime factors of 11669623.
7, 113, 14753
What are the prime factors of 989672?
2, 17, 19, 383
List the prime factors of 600177.
3, 37, 5407
What are the prime factors of 1156948?
2, 13, 19, 1171
What are the prime factors of 7242917?
11, 658447
What are the prime factors of 1707713?
7, 53, 4603
List the prime factors of 2176453.
233, 9341
List the prime factors of 440828.
2, 191, 577
List the prime factors of 16490715.
3, 5, 37, 43, 691
List the prime factors of 5888327.
1753, 3359
What are the prime factors of 2798178?
2, 3, 401, 1163
What are the prime factors of 26822062?
2, 257, 52183
What are the prime factors of 929819?
11, 137, 617
List the prime factors of 230417.
11, 20947
List the prime factors of 11695975.
5, 587, 797
List the prime factors of 273913.
273913
List the prime factors of 3204883.
11, 47, 6199
What are the prime factors of 854038?
2, 167, 2557
List the prime factors of 53907.
3, 7, 17, 151
What are the prime factors of 6009087?
3, 7, 53, 5399
List the prime factors of 10358323.
2063, 5021
What are the prime factors of 199257?
3, 17, 3907
List the prime factors of 134414.
2, 7, 9601
What are the prime factors of 1502164?
2, 283, 1327
List the prime factors of 1615972.
2, 403993
List the prime factors of 1724403.
3, 574801
List the prime factors of 398116.
2, 99529
List the prime factors of 3055861.
1277, 2393
List the prime factors of 195042.
2, 3, 32507
List the prime factors of 17533577.
1301, 13477
What are the prime factors of 1297297?
1297297
List the prime factors of 15661349.
11, 1423759
List the prime factors of 2815889.
2815889
What are the prime factors of 1138273?
1138273
What are the prime factors of 12585785?
5, 2517157
What are the prime factors of 83161?
13, 6397
List the prime factors of 151378.
2, 75689
List the prime factors of 443364.
2, 3, 36947
List the prime factors of 1713027.
3, 157, 3637
What are the prime factors of 52571?
52571
List the prime factors of 414543.
3, 138181
List the prime factors of 389949.
3, 7, 31, 599
List the prime factors of 674745.
3, 5, 44983
List the prime factors of 21475207.
13, 37, 44647
List the prime factors of 1454756.
2, 29, 12541
What are the prime factors of 2134780?
2, 5, 106739
What are the prime factors of 23745?
3, 5, 1583
List the prime factors of 377382.
2, 3, 62897
What are the prime factors of 253820?
2, 5, 7, 37
What are the prime factors of 19276262?
2, 283, 34057
What are the prime factors of 1913051?
7, 67, 4079
List the prime factors of 408721.
113, 3617
List the prime factors of 156778.
2, 43, 1823
List the prime factors of 1802181.
3, 600727
What are the prime factors of 2166127?
2166127
What are the prime factors of 78292?
2, 23, 37
List the prime factors of 5420225.
5, 19, 11411
List the prime factors of 6821518.
2, 11, 149, 2081
What are the prime factors of 1521750?
2, 3, 5, 2029
What are the prime factors of 208538?
2, 11, 9479
What are the prime factors of 1063163?
17, 62539
List the prime factors of 245312.
2, 3833
List the prime factors of 367162.
2, 183581
List the prime factors of 7467248.
2, 41, 11383
List the prime factors of 1003152.
2, 3, 20899
What are the prime factors of 411432?
2, 3, 7, 31, 79
What are the prime factors of 5177337?
3, 11, 151, 1039
List the prime factors of 919373.
7, 13, 10103
List the prime factors of 3762171.
3, 7, 19, 449
List the prime factors of 119297.
119297
What are the prime factors of 17195?
5, 19, 181
List the prime factors of 249261.
3, 19, 4373
List the prime factors of 261473.
373, 701
What are th